factor of 1547 and 1729.
91
What is the greatest common divisor of 1309 and 308?
77
Calculate the highest common factor of 258 and 8686.
86
What is the highest common divisor of 7 and 7?
7
Calculate the highest common divisor of 116 and 3277.
29
What is the greatest common divisor of 250 and 405?
5
Calculate the greatest common factor of 609 and 1392.
87
Calculate the greatest common divisor of 9737 and 91.
91
What is the greatest common divisor of 2134 and 22?
22
What is the highest common factor of 118 and 1298?
118
Calculate the highest common divisor of 76 and 494.
38
Calculate the highest common factor of 15 and 3735.
15
What is the greatest common divisor of 672 and 25032?
168
What is the highest common factor of 36 and 1926?
18
Calculate the greatest common divisor of 540 and 1710.
90
What is the greatest common divisor of 360 and 9960?
120
Calculate the greatest common divisor of 12 and 1476.
12
Calculate the greatest common factor of 7 and 623.
7
Calculate the highest common divisor of 28 and 182.
14
What is the greatest common divisor of 390 and 144?
6
What is the highest common divisor of 4982 and 376?
94
Calculate the greatest common divisor of 72 and 384.
24
Calculate the highest common divisor of 84 and 1092.
84
Calculate the greatest common factor of 19432 and 28.
28
What is the greatest common factor of 3308 and 6?
2
Calculate the highest common divisor of 400 and 1216.
16
Calculate the greatest common divisor of 26120 and 32.
8
What is the highest common factor of 8 and 844?
4
Calculate the greatest common divisor of 1598 and 94.
94
Calculate the highest common factor of 18 and 414.
18
Calculate the greatest common factor of 1356 and 24.
12
What is the greatest common divisor of 36 and 252?
36
Calculate the greatest common divisor of 24 and 72.
24
Calculate the highest common divisor of 9 and 531.
9
Calculate the greatest common factor of 14 and 8.
2
Calculate the highest common divisor of 40 and 320.
40
Calculate the greatest common factor of 8 and 19204.
4
Calculate the highest common divisor of 14 and 154.
14
What is the highest common divisor of 24 and 1479?
3
Calculate the greatest common divisor of 72574 and 262.
262
Calculate the highest common factor of 4 and 16.
4
What is the greatest common divisor of 46 and 1633?
23
Calculate the greatest common factor of 3696 and 693.
231
Calculate the highest common divisor of 497 and 781.
71
What is the highest common factor of 32 and 64?
32
What is the highest common divisor of 42 and 98?
14
What is the greatest common factor of 160 and 60?
20
What is the greatest common divisor of 1189 and 82?
41
Calculate the greatest common divisor of 25 and 40325.
25
Calculate the greatest common divisor of 52394 and 1173.
391
Calculate the greatest common divisor of 80 and 152.
8
What is the greatest common factor of 116 and 24012?
116
What is the highest common factor of 513 and 2997?
27
What is the highest common divisor of 77 and 55?
11
Calculate the greatest common divisor of 1148 and 492.
164
Calculate the greatest common factor of 7525 and 25.
25
What is the highest common factor of 1580 and 79?
79
What is the highest common factor of 5600 and 56?
56
Calculate the highest common divisor of 1775 and 100.
25
What is the highest common divisor of 117 and 117?
117
What is the highest common factor of 40 and 90?
10
What is the greatest common factor of 21 and 2289?
21
What is the greatest common factor of 1264 and 4108?
316
Calculate the greatest common divisor of 83 and 5893.
83
Calculate the greatest common divisor of 270 and 5.
5
Calculate the highest common factor of 11 and 671.
11
What is the greatest common divisor of 63 and 3535?
7
What is the greatest common factor of 82 and 1107?
41
Calculate the highest common divisor of 44 and 2134.
22
Calculate the highest common factor of 75 and 15.
15
Calculate the highest common divisor of 34 and 13872.
34
What is the highest common factor of 1712 and 107?
107
What is the highest common divisor of 272 and 68?
68
What is the highest common factor of 40 and 3940?
20
Calculate the highest common divisor of 4755 and 135.
15
Calculate the highest common factor of 48 and 3664.
16
What is the greatest common divisor of 57 and 475?
19
Calculate the highest common factor of 373 and 47744.
373
Calculate the greatest common factor of 60 and 75.
15
Calculate the greatest common factor of 195 and 169.
13
Calculate the greatest common divisor of 204 and 4131.
51
What is the greatest common divisor of 36 and 1107?
9
Calculate the greatest common factor of 186 and 682.
62
Calculate the greatest common divisor of 2 and 34.
2
What is the highest common factor of 420 and 11620?
140
What is the greatest common factor of 55 and 11?
11
What is the highest common divisor of 39 and 351?
39
Calculate the greatest common factor of 29 and 11513.
29
What is the greatest common factor of 2 and 166?
2
What is the greatest common factor of 9330 and 30?
30
What is the greatest common factor of 869 and 22?
11
What is the greatest common factor of 2 and 127?
1
What is the greatest common factor of 3 and 249?
3
What is the highest common factor of 65 and 416?
13
Calculate the greatest common divisor of 363 and 99.
33
What is the highest common divisor of 413 and 15163?
59
Calculate the greatest common divisor of 82 and 615.
41
Calculate the highest common divisor of 546 and 21.
21
What is the highest common factor of 2355 and 60?
15
What is the greatest common factor of 14183 and 13?
13
Calculate the greatest common divisor of 21 and 39.
3
Calculate the highest common factor of 33 and 704.
11
What is the highest common divisor of 33 and 55?
11
What is the highest common factor of 4832 and 128?
32
What is the greatest common divisor of 64 and 12784?
16
What is the highest common factor of 81 and 72?
9
What is the highest common divisor of 21555 and 45?
45
What is the highest common divisor of 580 and 36?
4
What is the greatest common divisor of 30 and 9075?
15
What is the greatest common factor of 25 and 100?
25
Calculate the greatest common divisor of 180 and 108.
36
What is the highest common divisor of 923 and 91?
13
Calculate the highest common divisor of 12760 and 58.
58
What is the greatest common divisor of 8459 and 11?
11
Calculate the highest common factor of 23 and 6049.
23
What is the highest common divisor of 57 and 627?
57
Calculate the highest common divisor of 45 and 1764.
9
Calculate the highest common factor of 168 and 296.
8
What is the highest common divisor of 2501 and 244?
61
What is the highest common divisor of 104 and 36712?
104
Calculate the greatest common factor of 4281 and 6.
3
Calculate the highest common factor of 1537 and 29.
29
Calculate the highest common divisor of 1050 and 378.
42
Calculate the greatest common factor of 8 and 424.
8
What is the greatest common divisor of 18909 and 99?
99
What is the greatest common factor of 721 and 103?
103
Calculate the greatest common divisor of 459 and 17.
17
What is the greatest common divisor of 380 and 60?
20
Calculate the highest common factor of 6972 and 28.
28
Calculate the greatest common factor of 44 and 23089.
11
What is the greatest common factor of 38 and 152?
38
What is the greatest common factor of 37 and 6697?
37
What is the greatest common factor of 371 and 106?
53
What is the greatest common divisor of 19 and 1083?
19
Calculate the highest common factor of 2408 and 387.
43
Calculate the greatest common divisor of 48 and 15.
3
Calculate the greatest common factor of 434 and 682.
62
What is the highest common divisor of 316 and 6478?
158
What is the highest common factor of 11529 and 378?
189
What is the greatest common factor of 856 and 18?
2
Calculate the greatest common factor of 86 and 32.
2
Calculate the highest common factor of 1675 and 67.
67
What is the highest common factor of 1219 and 1537?
53
Calculate the highest common divisor of 165 and 105.
15
What is the highest common divisor of 9 and 423?
9
What is the highest common factor of 195 and 45?
15
Calculate the highest common divisor of 133 and 7.
7
Calculate the greatest common divisor of 24 and 5820.
12
What is the greatest common factor of 4 and 116?
4
What is the greatest common factor of 144 and 112?
16
Calculate the hi